) to base 13.
c9aa8
-4133410 (base 5) to base 14
-1aaba
Convert 167bb02 (base 12) to base 7.
54323315
-183284 (base 9) to base 2
-11011110100101010
Convert -101160 (base 11) to base 14.
-43361
-43162 (base 14) to base 5
-20142203
What is -16105372 (base 8) in base 16?
-388afa
What is 8f757 (base 16) in base 9?
1085036
Convert 16a0e3 (base 16) to base 5.
334423404
Convert 5a598 (base 11) to base 10.
87227
35db0 (base 16) to base 8
656660
What is -1566875 (base 11) in base 4?
-22030300202
What is -105643 (base 7) in base 12?
-aaa7
Convert -43432062 (base 7) to base 13.
-a04343
-2049bd5 (base 14) to base 15
-1510750
What is -111000011001100100000 (base 2) in base 16?
-1c3320
Convert 99468b (base 15) to base 10.
7304981
8336035 (base 9) to base 11
2571478
212222100 (base 4) to base 7
1226445
What is -2120112401 (base 5) in base 2?
-10001000000001100001010
-7739 (base 16) to base 8
-73471
105847b (base 15) to base 2
101100100001100011010110
Convert -29b0b2 (base 12) to base 14.
-1444d0
What is 1116375 (base 14) in base 3?
120021200120022
Convert 3836d7 (base 15) to base 8.
12217222
5131025 (base 10) to base 6
301550425
Convert 1315406 (base 7) to base 4.
222011210
What is 24171667 (base 8) in base 14?
9c159d
Convert -12d618 (base 14) to base 8.
-2370406
Convert 100000100000111111 (base 2) to base 7.
1063201
101020001100010 (base 3) to base 9
11201303
What is 20102002000 (base 3) in base 5?
13014141
What is -1750706 (base 10) in base 3?
-10021221111222
-325345000 (base 7) to base 8
-112570462
1a50a6 (base 12) to base 5
104334313
What is 1268853 (base 10) in base 2?
100110101110001110101
What is 103312 (base 10) in base 16?
19390
-10101011111001001 (base 2) to base 10
-88009
21606 (base 14) to base 12
3a89a
Convert 31110010033 (base 4) to base 15.
48e15d
-5b2a0 (base 16) to base 9
-628187
What is -21378240 (base 9) in base 2?
-100111011001000111010011
-88aa (base 14) to base 9
-35420
What is 497ce (base 15) in base 6?
5010152
-1020000200212 (base 3) to base 11
-404433
What is 1111011001000111101010 (base 2) in base 6?
222252442
Convert 578c9a (base 13) to base 11.
1198905
Convert 7a791 (base 16) to base 13.
147445
Convert -321570 (base 8) to base 15.
-21c3e
c8c43c (base 13) to base 11
2728574
Convert -1222450302 (base 6) to base 9.
-28522632
Convert 103398 (base 11) to base 9.
272034
Convert -74b0ba (base 12) to base 5.
-433001133
Convert -1078b54 (base 16) to base 7.
-266543424
1010101111001000 (base 2) to base 14
12052
402c9 (base 14) to base 10
154233
What is -8420b (base 14) in base 2?
-1001101110011110011
Convert 148a4 (base 14) to base 11.
35439
-2321067 (base 9) to base 4
-10302020311
Convert -c8529 (base 16) to base 9.
-1480480
111100000000101110101 (base 2) to base 10
1966453
469724 (base 10) to base 16
72adc
Convert 2398257 (base 10) to base 4.
21021200301
Convert -1d2a89 (base 14) to base 5.
-231413201
Convert -34355a (base 11) to base 9.
-1022438
What is -114959 (base 10) in base 15?
-240de
Convert 36076414 (base 8) to base 7.
124055243
Convert -4018393 (base 11) to base 9.
-14338740
Convert -1b69 (base 13) to base 6.
-31103
What is 11120012110202 (base 3) in base 9?
4505422
Convert 1214130 (base 10) to base 5.
302323010
What is 163320 (base 9) in base 12?
4a453
Convert -224876 (base 11) to base 12.
-153053
Convert -317477 (base 10) to base 3.
-121010111102
Convert 6819a (base 11) to base 6.
2041020
Convert 74f7d (base 16) to base 13.
13a0bc
Convert -1023134244 (base 5) to base 12.
-883080
-27195 (base 10) to base 16
-6a3b
What is -553024 (base 9) in base 14?
-884dd
Convert -101010010111011100 (base 2) to base 13.
-60ca8
What is 6022365 (base 7) in base 8?
2555630
What is 120332322 (base 5) in base 2?
10001000010101111110
111110000100110010 (base 2) to base 16
3e132
-2dd894 (base 14) to base 16
-189a8a
Convert -14b975 (base 12) to base 10.
-352169
-111010011100001 (base 2) to base 10
-29921
What is -376430 (base 8) in base 16?
-1fd18
-22343121 (base 5) to base 7
-1461316
What is -101250131 (base 7) in base 15?
-7c1745
1b184b (base 14) to base 7
11125524
-6702761 (base 8) to base 5
-430210021
What is -bb709 (base 15) in base 2?
-10010001011010000000
What is 143b479 (base 12) in base 6?
223031033
Convert 803a61 (base 11) to base 7.
13665441
-1001110111011000100 (base 2) to base 4
-1032323010
Convert -1989ed (base 16) to base 14.
-317d49
What is 270596 (base 11) in base 16?
67d53
What is -111011010111101011 (base 2) in base 6?
-5113455
591a8 (base 14) to base 8
650040
-1ce21 (base 15) to base 16
-17062
-252766 (base 11) to base 4
-1201120220
What is -37776 (base 8) in base 16?
-3ffe
-695809 (base 10) to base 15
-db274
Convert -10010011011101000 (base 2) to base 4.
-102123220
What is 9a114 (base 12) in base 14?
54520
Convert 2223013100 (base 4) to base 12.
299728
Convert c9bb57 (base 13) to base 3.
22220202020001
Convert 15c5ac4 (base 13) to base 12.
24354a1
What is 140150 (base 7) in base 11?
189a7
What is 65272 (base 14) in base 10?
244708
What is 12223413 (base 6) in base 8?
1376001
Convert 773371 (base 9) to base 5.
104234024
Convert 12300202 (base 6) to base 4.
1200311222
-27820a9 (base 11) to base 14
-8c9aa8
-525634 (base 7) to base 14
-2518b
-233344 (base 9) to base 15
-2b851
What is 1ab75ba (base 12) in base 15?
77d68d
Convert -468a4 (base 11) to base 13.
-24a26
Convert -49ef9 (base 16) to base 10.
-302841
What is -153022342 (base 6) in base 2?
-1100010010101110010110
Convert -10001101101011011000 (base 2) to base 12.
-23b9b4
-346407 (base 9) to base 16
-32ce0
Convert 10001111100001010110 (base 2) to base 9.
1085350
-7040372 (base 10) to base 7
-113561603
Convert 1807852 (base 11) to base 15.
409ac6
Convert -37f745 (base 16) to base 10.
-3667781
-1010000001100110101001 (base 2) to base 15
-36da09
Convert 244444133 (base 5) to base 15.
1822e8
6306880 (base 10) to base 16
603c40
33330126 (base 8) to base 4
123123001112
Convert 8efcd (base 16) to base 9.
1082352
What is 19c378 (base 15) in base 3?
2100211022012
What is 1a370a9 (base 11) in base 3?
20110112112011
What is -111989 (base 12) in base 6?
-5502253
2020101100 (base 4) to base 9
1040577
-20b220 (base 15) to base 7
-16141323
What is 3430463 (base 7) in base 6?
13055415
Convert -10022200112201 (base 3) to base 10.
-1765306
Convert a611a9 (base 11) to base 14.
323715
51d06 (base 15) to base 6
5321023
-2113213320 (base 4) to base 6
-21151120
-10101100000110101110101 (base 2) to base 3
-101121111222220
Convert -14234014 (base 5) to base 12.
-72463
Convert 82812 (base 10) to base 11.
57244
Convert -70811 (base 14) to base 8.
-1020237
100011101100101001 (base 2) to base 3
21102120110
15676353 (base 8) to base 10
3636459
-315bb (base 14) to base 11
-81567
Convert -2432313221 (base 5) to base 11.
-3274186
Convert 223030301 (base 5) to base 13.
286c33
What is 313123113023 (base 4) in base 6?
1235232255
What is -1047780 (base 14) in base 12?
-26b6330
What is 313300133011 (base 4) in base 2?
110111110000011111000101
Convert -4043533 (base 6) to base 10.
-192657
2a6c8 (base 15) to base 14
37a8a
Convert 1300002323 (base 4) to base 12.
1a170b
Convert 5c608 (base 15) to base 3.
112222122022
34021333 (base 8) to base 6
421302535
Convert 3950553 (base 11) to base 14.
c9ddb4
Convert 55616664 (base 8) to base 3.
211120200212002
Convert -2124332 (base 5) to base 3.
-1211200101
33213011 (base 4) to base 6
1212005
Convert 44155152 (base 6) to base 15.
1b1982
What is -16ab7a (base 15) in base 16?
-10c6c9
Convert 12542117 (base 8) to base 16.
2ac44f
-547633 (base 8) to base 13
-65b09
What is 222120021111 (base 3) in base 9?
876244
What is 52525434 (base 7) in base 2?
10000111100111010001010
What is 100550377 (base 8) in base 16?
102d0ff
What is -24605432 (base 7) in base 9?
-4153805
-2243666 (base 7) to base 12
-115b7b
What is 120174 (base 8) in base 9?
62318
What is 24a8cd (base 15) in base 9?
3267124
-1ebd3 (base 16) to base 7
-1033035
Convert 2012001111120 (base 3) to base 15.
17e62c
What is 10101111111111100 (base 2) in base 8?
257774
Convert -21993 (base 14) to base 2.
-10011111000111101
What is -479e3 (base 16) in base 12?
-121917
What is -10012010112202 (base 3) in base 2?
-110011101111001011011
Convert 11100110101110100010010 (base 2) to base 3.
112020010000021
Convert 141524 (base 8) to bas